ulate t(74).
6
Let b(f) = -f**3 - 24*f**2 + 22*f + 882. Calculate b(-19).
-1341
Let z(x) = -x**2 + 363*x + 2672. What is z(372)?
-676
Let o(q) = -2069*q - 93313. Give o(-45).
-208
Let r(f) = -f**3 + 91*f**2 + 214*f - 2395. Give r(93).
209
Let v(o) = o**3 + 197*o**2 + 9650*o + 344. Give v(-106).
-80
Let m(i) = 2*i**3 - 71*i**2 - 79*i - 152. Give m(37).
1032
Let o(a) = a**3 + 82*a**2 - 610*a + 1057. Determine o(-89).
-100
Let x(g) = 24*g**2 - 26*g - 2. Give x(1).
-4
Let t(l) = 12644*l + 1529925. Calculate t(-121).
1
Let i(t) = -t**3 + 263*t**2 - 1122*t + 22266. Determine i(259).
-8
Let p(l) = -6238*l - 12794. Calculate p(-2).
-318
Let c(n) = 19*n + 2100. Calculate c(18).
2442
Let f(j) = -2*j**3 - 1274*j**2 - 11306*j - 28. What is f(-9)?
-10
Let z(n) = -4878*n - 14562. Give z(-3).
72
Let h(w) = 2*w**2 + 560*w + 8484. Give h(-16).
36
Let r(w) = 10*w**3 - 4*w**2 - 2859*w + 8589. Calculate r(3).
246
Let o(k) = -k**3 + 19*k**2 + 158*k + 641. Give o(26).
17
Let t(x) = -2918*x + 75952. Calculate t(26).
84
Let y(n) = -488*n - 30646. Give y(-63).
98
Let h(t) = -2*t**2 - 315*t + 3634. What is h(12)?
-434
Let f(t) = -t**3 - 28*t**2 - 1842*t - 49048. Calculate f(-27).
-43
Let c(l) = -13*l**2 - 1614*l - 6513. What is c(-4)?
-265
Let a(w) = -w**3 + 42*w**2 + 473*w - 11228. Determine a(47).
-42
Let h(i) = -459*i**2 - 11920*i + 352. Give h(-26).
-12
Let o(b) = -b**3 - 19*b**2 - 677*b - 4207. What is o(-7)?
-56
Let v(c) = -984*c - 201282. Determine v(-204).
-546
Let p(q) = -q**3 - 235*q**2 - 3222*q - 4. Calculate p(-14).
1788
Let z(d) = -5951*d + 33074. What is z(6)?
-2632
Let p(r) = -183*r**2 + 215*r - 783. Determine p(4).
-2851
Let u(r) = r**3 - 67*r**2 + 269*r - 13386. What is u(66)?
12
Let b(j) = -25*j**2 + 164*j - 163. Determine b(1).
-24
Let i(n) = -3331*n + 1508930. Give i(453).
-13
Let i(o) = 724*o - 47. Calculate i(1).
677
Let v(t) = -t**3 + 212*t**2 + 1645*t - 24532. Calculate v(219).
-4
Let w(u) = -u**3 + 101*u**2 + 4421*u + 129. Determine w(134).
-5
Let a(n) = -n**3 - 27*n**2 + 59*n - 536. Give a(-30).
394
Let b(c) = -c**3 - 279*c**2 - 5882*c + 37. Determine b(-23).
-101
Let g(i) = 184*i**2 - 72711*i + 12250. Give g(395).
5
Let r(d) = -2434307*d + 12171538. Calculate r(5).
3
Let n(s) = 37*s**3 - 405*s**2 - 850*s + 9114. Determine n(11).
6
Let i(v) = 26*v**3 + 8*v**2 - v - 5. Calculate i(-2).
-179
Let z(t) = 2*t**2 - 3063*t + 1036239. Calculate z(1027).
-4
Let b(u) = -670*u - 87759. What is b(-131)?
11
Let l(y) = -3160*y**2 - 22154*y - 261. Give l(-7).
-23
Let a(d) = 24*d**3 - d**2 - 60*d + 129. Calculate a(4).
1409
Let u(q) = -7516*q - 60189. Calculate u(-8).
-61
Let b(c) = -2402*c + 763849. Give b(318).
13
Let o(g) = -43*g**2 - 236*g - 415. What is o(-8)?
-1279
Let g(l) = -511071*l - 2555357. Give g(-5).
-2
Let t(h) = -1124*h - 496799. What is t(-442)?
9
Let m(i) = i**3 + 12384*i**2 + 370623*i + 86. Calculate m(-30).
-4
Let y(s) = -s**2 - 282*s - 17530. Calculate y(-93).
47
Let r(u) = -6*u**2 - 209*u - 1416. What is r(-8)?
-128
Let u(g) = 164*g + 16063. What is u(-102)?
-665
Let w(s) = s**3 + 249*s**2 + 12602*s + 3063789. What is w(-248)?
-3
Let y(k) = -k**3 + 224*k**2 + 1463*k - 1013. Give y(-7).
65
Let u(j) = 4*j**2 + 773*j + 18623. Give u(-165).
-22
Let w(n) = 3*n**2 - 262*n - 1229. What is w(81)?
-2768
Let r(z) = -250*z**2 - 89997*z + 1229. Determine r(-360).
149
Let m(i) = -119604*i + 51190521. Give m(428).
9
Let c(m) = -2*m**3 + 32*m**2 + 154*m - 727. Determine c(19).
33
Let n(j) = -j**3 - 273*j**2 + 207*j - 18459. Determine n(-274).
-101
Let i(b) = 160*b + 2411. Determine i(-40).
-3989
Let s(g) = -120033*g - 600174. Give s(-5).
-9
Let p(f) = 19*f**3 + 339*f**2 + 19*f + 11. Calculate p(-18).
-1303
Let n(c) = -27542*c - 2065697. Determine n(-75).
-47
Let g(f) = -417*f + 5916. What is g(0)?
5916
Let v(w) = 2*w**3 + w**2 - 1822*w - 12124. Calculate v(-7).
-7
Let j(n) = -4*n**3 - 1821*n**2 + 33586*n + 1475. Determine j(-473).
56
Let n(i) = i**3 + 20*i**2 + 3154*i + 66634. What is n(-21)?
-41
Let p(o) = 223*o**2 - 59764*o + 147. What is p(268)?
147
Let v(h) = -21*h**3 + 5*h**2 - 196*h + 29. What is v(0)?
29
Let m(l) = 3*l**3 - 891*l**2 + 26830*l - 113. Give m(34).
23
Let n(r) = -r**3 + 12*r**2 + 4539*r - 63165. Give n(14).
-11
Let u(w) = w**3 - 20*w**2 - 291*w + 4679. What is u(24)?
-1
Let d(q) = -q**3 - 2*q**2 + 188*q + 41. Give d(13).
-50
Let f(p) = 1090*p + 79668. Calculate f(-73).
98
Let r(j) = -1748*j + 6829. Determine r(4).
-163
Let n(v) = -5*v**2 - 152*v + 258. Determine n(3).
-243
Let r(d) = 48*d - 7525. Determine r(142).
-709
Let v(f) = -4*f**3 - 2*f**2 + 2*f - 875. Give v(0).
-875
Let s(h) = -3*h**2 - 447*h - 11341. Give s(-30).
-631
Let o(h) = -3*h**2 - 336*h + 10278. What is o(25)?
3
Let f(h) = 2428*h + 36451. Calculate f(-15).
31
Let f(l) = -1790*l**2 - 5392*l - 75. What is f(-3)?
-9
Let a(x) = -15*x**3 + 26*x**2 + 14*x - 66. Determine a(4).
-554
Let v(m) = m**2 + 2611*m - 2624. Calculate v(1).
-12
Let p(j) = 35*j**2 + 681*j + 2285. Determine p(-15).
-55
Let n(w) = 3778759*w - 15115029. Give n(4).
7
Let r(q) = 2*q**3 - 29*q**2 - 571*q + 9. Calculate r(-11).
119
Let c(k) = -443*k - 3368. What is c(-8)?
176
Let t(b) = -49*b**2 + 1144*b - 1149. Calculate t(1).
-54
Let f(p) = p**3 + 1895*p**2 + 3791*p + 11. Determine f(-2).
1
Let o(p) = -3*p**3 - 253*p**2 - 99*p - 1277. Calculate o(-84).
-17
Let g(b) = -233282*b - 466552. Give g(-2).
12
Let z(h) = 234*h - 1527. Give z(16).
2217
Let a(w) = -140*w + 7389. What is a(53)?
-31
Let o(a) = a**3 - 57*a**2 - 659*a + 32007. Calculate o(59).
88
Let j(c) = -6309*c + 140185. Determine j(22).
1387
Let m(v) = v**3 - 3*v**2 + 61245*v - 122479. What is m(2)?
7
Let w(o) = o**2 - 33*o + 198. Determine w(26).
16
Let i(p) = p**2 + 168*p - 1687. Give i(-172).
-999
Let v(f) = 3*f**2 + 95*f - 192. Determine v(-36).
276
Let b(f) = -1330*f - 22479. Give b(-17).
131
Let m(a) = 3*a**3 + 103*a**2 - 84*a - 1401. Determine m(4).
103
Let m(k) = 9*k**3 - 52*k**2 + 472*k - 2918. What is m(6)?
-14
Let g(f) = -3*f**3 - 6*f**2 + 332*f + 1277. Calculate g(-4).
45
Let g(v) = -v**3 - 155*v**2 + 10266*v - 134041. Determine g(33).
5
Let g(o) = o**2 - 1312*o + 311987. What is g(312)?
-13
Let b(z) = z**3 + 10*z**2 + 325*z + 2830. Give b(-9).
-14
Let o(z) = z**3 - 27*z**2 - 70*z + 2040. Calculate o(15).
-1710
Let p(i) = -546*i - 209601. Calculate p(-384).
63
Let h(t) = 41*t**2 + 2748*t + 21425. Give h(-9).
14
Let u(p) = -p**3 - 33*p**2 - 38*p + 4216. What is u(-18)?
40
Let f(d) = 7054*d - 98573. Determine f(14).
183
Let f(k) = -k**3 - 62*k**2 + 581*k + 441. Calculate f(9).
-81
Let w(j) = -12248*j - 36731. Determine w(-3).
13
Let j(a) = 172689*a + 12260919. Calculate j(-71).
0
Let y(r) = r**3 + 23*r**2 - 75*r + 219. Determine y(-26).
141
Let p(t) = -34*t**2 + 1919*t + 1068. What is p(57)?
-15
Let j(g) = -23*g**2 - 1848*g - 630. Give j(-80).
10
Let c(n) = -n**3 + 7*n**2 - 1826*n + 10872. Give c(6).
-48
Let d(r) = -r**3 - 28*r**2 - 58*r - 784. Calculate d(-27).
53
Let s(y) = -y**2 + 3354*y + 43779. Determine s(-13).
8
Let r(t) = -34*t**2 - 166*t - 323. What is r(-3)?
-131
Let n(a) = 105*a**2 - 2674*a - 1436. Give n(26).
20
Let i(z) = 28277*z + 6531987. Calculate i(-231).
0
Let y(x) = -x**3 + 59*x**2 + 369*x - 27533. What is y(57)?
-2
Let r(q) = -3297*q - 29657. What is r(-9)?
16
Let k(o) = o**3 + o**2 + 449*o + 2854. Calculate k(-6).
-20
Let d(i) = 7*i**3 - 789*i**2 - 217*i + 13. What is d(113)?
1030
Let l(h) = 1596*h - 1225738. Give l(768).
-10
Let u(v) = v**3 + 170*v**2 + 2519*v - 32990. Calculate u(-152).
-6
Let k(l) = 21*l**3 - 965*l**2 - 44*l - 52. Calculate k(46).
40
Let n(g) = -g**2 - 4921*g - 19678. Calculate n(-4).
-10
Let a(s) = -s**3 - 5*s**2 + 6*s + 17. What is a(-2)?
-7
Let y(u) = 5*u**2 + 121*u + 439. Calculate y(-9).
-245
Let w(j) = 2*j**3 - 23*j**2 + 4*j + 360. What is w(14)?
1396
Let b(x) = 4*x**2 + 1045*x - 13156. Determine b(-273).
-325
Let p(k) = k**2 - 2465*k - 100010. Give p(-40).
190
Let s(w) = -27*w**3 + 21*w**2 + 43*w + 23. What is s(-1)?
28
Let b(j) = -4*j**2 + 37*j + 993. Give b(18).
363
Let n(y) = -y**3 + 10*y**2 - 162*y + 3546. Give n(15).
-9
Let j(i) = -179*i + 7705. Calculate j(43).
8
Let p(t) = -2184*t - 991533. Determine p(-454).
3
Let g(l) = 29*l**2 + 5510*l + 5324. Determine g(-189).
-157
Let w(c)